s(i) = -i**3 - i**2 + i + 14. Let b be (0 - -2) + 18/(-9). List the prime factors of s(b).
2, 7
List the prime factors of (-100)/15*(-63)/12.
5, 7
Let j = 1 + -12. Let o = 4 - j. What are the prime factors of o?
3, 5
Let l be -13 - -111 - (-4)/(-2). Suppose -2*y = -0*y - l. List the prime factors of y.
2, 3
Suppose 2*x - 3 = -x. Let j = 3 + x. List the prime factors of j.
2
Suppose -k = -5*k + 16. Suppose 0 = -k*z - 5*m + 134, -3*m = 2*z - 42 - 26. List the prime factors of z.
31
Suppose -x = 27 + 27. Let s = x + 91. List the prime factors of s.
37
Let w(g) = -g + 8. Let u = 13 - 6. Let l be w(u). List the prime factors of (-21)/(-9)*(l + 2).
7
Let t be (-2)/(1 + 1)*-3. Suppose 2*y + 4 = -2*q + 4*q, 5*y - 6 = -3*q. Suppose 0*m = t*m + 3*i - 27, 2*i = q*m - 22. What are the prime factors of m?
2, 5
Let q be -20 - (12/(-3) + 3). Let n = 37 + q. List the prime factors of n.
2, 3
Let j(h) = 0*h - 2*h + 0*h - h - 11 - h**3 - 8*h**2. Let t(f) = 7*f**3 - 2*f**2 - 2*f - 1. Let a be t(-1). What are the prime factors of j(a)?
13
Suppose -2*s - 3*s = -190. List the prime factors of s.
2, 19
Let a = -16 - -18. List the prime factors of (-14 + a)*6/(-4).
2, 3
What are the prime factors of (1 - 2) + (-206)/(-6)*3?
2, 3, 17
List the prime factors of ((-4)/6)/((-1)/144).
2, 3
Let o = 1 + 4. Let n(z) = z**2 - 2*z - 7. List the prime factors of n(o).
2
Let f = 18 - 16. List the prime factors of f.
2
Let y be (-8)/(-3)*(-3)/(-4). Suppose -5*k = -y*k - 24. What are the prime factors of k?
2
Suppose 3*i - 30 = 4*m + 19, -3*m - 89 = -5*i. Suppose 4*r + 2*y - 34 = 0, 0 = r + y + 3*y - i. List the prime factors of r.
7
Let h(z) be the second derivative of 0 + 1/2*z**3 - 2*z + 5/12*z**4 + z**2 + 1/20*z**5. What are the prime factors of h(-3)?
11
Let d = 3 - 0. Let u(f) be the second derivative of f**3/2 - f. What are the prime factors of u(d)?
3
Suppose 2*i = -5*f - 0*i + 113, -3*f - 4*i + 65 = 0. Let y = f - 10. What are the prime factors of y?
13
Let m(r) = -9*r + 1. List the prime factors of m(-4).
37
Let u(s) = -s**3 + 2 - s**2 - 7*s + 0*s**3 - 6*s**2. What are the prime factors of u(-6)?
2
Let f(u) = 4*u - 16. Let z be 90/21 + 4/(-14). Let q(o) = 3*o - 16. Let x(t) = z*f(t) - 5*q(t). List the prime factors of x(-8).
2
List the prime factors of 4/8*(115 + 2/2).
2, 29
Suppose 4*b = 13 - 1. Suppose 0 = m + 5*j + 8, b*m + 0*j = -3*j + 24. List the prime factors of m.
2, 3
Let u(g) = 23*g**2 - 3*g - 3. List the prime factors of u(-2).
5, 19
Let t be (-3 + 5)/(2/(-17)). Let m = 28 + t. What are the prime factors of m?
11
Let f = 267 - 178. Suppose 5*o - f = -4. List the prime factors of o.
17
Let x(h) = -h**2 + h + 6. Let i be x(5). Let p = i - -39. What are the prime factors of p?
5
Let u be 6 - (-3)/(12/(-8)). Suppose u*a - 62 = 34. List the prime factors of a.
2, 3
Suppose -1 + 5 = 2*m. Suppose 5*z = -2*b + 27, 3*b = -2*z - m*z + 23. Suppose 8 + 22 = z*s. What are the prime factors of s?
2, 3
What are the prime factors of (-2 + 1)/(7/(-14))?
2
Let a = 12 - 2. Let o = 18 - a. What are the prime factors of o?
2
Let h(b) = -b + 8. Let d be h(8). Suppose 3*s - 4*s + 21 = d. List the prime factors of s.
3, 7
Let o = -1 - 1. Let h be 1/((-3 - -1)/o). What are the prime factors of -3*h*(1 - 2)?
3
Let b(f) = -f**2 - 25*f - 16. What are the prime factors of b(-22)?
2, 5
Suppose 0 = -2*h - 4*c + 34, 0*h - 2*c - 25 = -h. Let d = -12 + h. List the prime factors of d.
3
Suppose -a + 2*a + 4*b = 17, -2*b - 2 = 0. What are the prime factors of a?
3, 7
Let x be (-3)/9 - 4/6. Let c be (-1 - -1)/(x - -3). Suppose c*p - 2*p + 22 = 0. What are the prime factors of p?
11
Suppose 12*t - 568 = 8*t. What are the prime factors of t?
2, 71
Suppose -2*k + 5*o - 4*o = -484, -5*k + 1204 = -4*o. List the prime factors of k.
2, 61
Suppose -4 = -6*z + 38. List the prime factors of z.
7
Suppose 0 = 5*s - 2*q + 26, 4*s = -q - 2 - 24. What are the prime factors of ((-45)/s)/(2/4)?
3, 5
Let a(p) = 6*p - 41. Let s(n) = n - 8. Let v(c) = 4*a(c) - 22*s(c). What are the prime factors of v(6)?
2, 3
Let g(b) be the second derivative of -b**5/20 - b**4/4 + b**3/3 - b**2/2 + 2*b. What are the prime factors of g(-4)?
7
Suppose 2*b = 2 + 8. Suppose -4*m + 14 = 2*p, 0*m = 5*m + 2*p - 17. Suppose m*d - 3*i = 45, -22 - 33 = -3*d + b*i. List the prime factors of d.
2, 5
Suppose 5*y - 707 = -a, a - 1 + 422 = 3*y. What are the prime factors of y?
3, 47
Let r(v) = -21*v**3 - v**2 + 1. What are the prime factors of r(-1)?
3, 7
Suppose 58 = -4*u + 234. Let j = u + -24. Let i = 34 - j. What are the prime factors of i?
2, 7
What are the prime factors of 13 - 10 - 1*-197?
2, 5
Let k(f) = -3*f**2 + f + f**3 + f - f + 2*f**2 + 10. Let p(v) = v**3 + 7*v**2 + 7*v + 6. Let j be p(-6). List the prime factors of k(j).
2, 5
What are the prime factors of (-15)/(-6)*(1 + 3)?
2, 5
Let r be (-2 - -3) + (1 - -3). Let w = 9 - r. Suppose -2*a + g = -8, -g - 25 = -5*a + w*g. What are the prime factors of a?
3
Suppose -d = 2*d - 111. List the prime factors of d.
37
Let d(t) = 4*t**2 + 8*t + 16. List the prime factors of d(5).
2, 3, 13
Suppose 3*l + 15 - 105 = 0. List the prime factors of l.
2, 3, 5
Let h be 9 - 0 - (10 + -10). Suppose -4*j - 180 = -h*j. List the prime factors of j.
2, 3
Let v(u) = u + 4. Let x be v(6). Suppose 5*n + 2*h = -0*n + x, 4*n - 3*h = 8. Suppose -8 + 0 = -n*g. List the prime factors of g.
2
Let u = 16 + -9. List the prime factors of u.
7
Let c be (-468)/16 - 1/(-4). Let s = 33 - 51. Let k = s - c. List the prime factors of k.
11
Let y(o) = o**3 + 4*o**2 + o - 3. Let m be y(-3). Suppose -2*c - 18 = -m*c. List the prime factors of c.
2, 3
Suppose b - 242 = 190. What are the prime factors of b?
2, 3
Suppose -4*z - 5*a = 4, 5*a = 4*z - 2 + 6. Let j be ((-3 - -2) + 1)/z. Suppose -20 = -c - j*c. What are the prime factors of c?
2, 5
Suppose -2*s = -3*g + 3, 3*s - 5 - 10 = -2*g. Suppose 18 - 114 = -g*v. What are the prime factors of v?
2
Let c(n) = n**2 - 4*n - 7. Let x be c(6). List the prime factors of 90/x*2/3.
2, 3
Suppose -4*x - 8 = 8. What are the prime factors of ((-2)/x)/((-20)/(-320))?
2
Suppose -13*o + 744 + 140 = 0. What are the prime factors of o?
2, 17
Suppose 5*n = 3*i - 26, 5*i + 5 = -5*n - 5. Suppose 0 = -5*p + 4*p + i. List the prime factors of p + -1*7/(-1).
3
Let p be 3/2*16/12. What are the prime factors of (1/2)/(p/40)?
2, 5
Let k = -1 - -5. Suppose 3*h = k*h - 17. List the prime factors of h.
17
Let x be (-2)/(-2 + (-528)/(-260)). Let b = 101 + x. What are the prime factors of b?
2, 3
Suppose x - 3*d = 0, 0 = 2*x + x - 4*d - 25. Suppose -4*u + u = -x. Suppose 0 = -5*h, -6 - 4 = -u*f + 4*h. What are the prime factors of f?
2
Let z be (3/(-1))/9*-3. Let q be z/(-3 - -2)*-7. Let o = q - -3. List the prime factors of o.
2, 5
Let d(h) = h**2 - 5*h - 6. Let w be d(5). Let g(o) = -o**2 - 8*o - 7. Let x be g(w). Suppose -28 - 32 = -x*u. List the prime factors of u.
2, 3
Let a(f) = -f + 30. Let n(z) = 3*z - 60. Let k(h) = -5*a(h) - 2*n(h). Let d be k(0). List the prime factors of (-4)/(-10) - 198/d.
7
Let h = -13 - -95. What are the prime factors of h?
2, 41
Let s(f) = -f + 5. Let o be s(0). Let j = o - 3. Suppose 2*i = -j*i + 16. What are the prime factors of i?
2
Let z(k) = 4*k - 2. Let t be (3/(-6))/(3/(-12)). What are the prime factors of z(t)?
2, 3
Suppose 5*j - y = 38, 36 = 2*j + 3*y + 14. Let a be (0 + -2)*20/j. Let i = a - -17. What are the prime factors of i?
2, 3
Suppose 0 = -0*f + 5*f - 2*b - 17, 4*f + 4*b - 36 = 0. Let z = f + -1. Suppose 6*y - 32 = z*y. List the prime factors of y.
2
Let w(d) = 36*d + 17. List the prime factors of w(7).
269
Let u(a) = a**3 + 14*a**2 + 3*a + 4. What are the prime factors of u(-12)?
2
Let v(t) = 2*t**2 + 4. List the prime factors of v(-2).
2, 3
Let f = -39 + 220. Suppose 5*d = f - 46. What are the prime factors of d?
3
Let u be (-15)/5 + (16 - 0). What are the prime factors of ((-2)/4)/(u/(-624))?
2, 3
Let m = 1 - -4. Let f(b) = 4 + m + b**2 - 7. List the prime factors of f(3).
11
Suppose 2*m - 184 = -4*k - 2*m, -2*k + 2*m = -92. What are the prime factors of k?
2, 23
Suppose 5*l - 6*b = -3*b - 15, 3*l - b = -5. Suppose l*n - 15 = -3*n. Suppose -4*h + 8 = 0, x = -x - n*h + 16. List the prime factors of x.
3
List the prime factors of (3 - (9/2 - 3))*30.
3, 5
S